se
Is 30579779 prime?
True
Is 27097110511 prime?
True
Is 6796597187 prime?
True
Is 45928225477 a composite number?
True
Is 27588205 composite?
True
Is 4325180459 composite?
True
Is 1213834793 prime?
False
Is 324598819 a prime number?
True
Is 6643435819 a prime number?
True
Is 165332729 prime?
False
Is 3004333061 composite?
False
Is 135925807 a prime number?
True
Is 99791539 a prime number?
True
Is 3439533809 a composite number?
False
Is 8572010437 a composite number?
False
Is 83495781683 prime?
True
Is 966521113 a composite number?
True
Is 147639029 composite?
True
Is 45729600209 composite?
False
Is 171210283 composite?
False
Is 1584940129 prime?
False
Is 176876554 a composite number?
True
Is 27399339319 a composite number?
True
Is 2200296947 a composite number?
True
Is 6704279326 prime?
False
Is 699529301 composite?
False
Is 647614931 prime?
True
Is 40505200349 composite?
False
Is 4984040359 a prime number?
False
Is 98075126 prime?
False
Is 4822625107 a prime number?
True
Is 46853738513 a prime number?
False
Is 967306183 prime?
True
Is 907290401 prime?
True
Is 15596827387 prime?
True
Is 2911686839 a prime number?
True
Is 19775658307 prime?
True
Is 1479720211 composite?
False
Is 102577054637 prime?
False
Is 542259611 a composite number?
False
Is 70193392861 composite?
True
Is 34561669 composite?
True
Is 2951941859 prime?
False
Is 356576389 prime?
False
Is 1004367671 a prime number?
True
Is 26173219319 a composite number?
True
Is 17674303591 a prime number?
False
Is 27644696921 a composite number?
True
Is 296778763 a composite number?
False
Is 26975888591 a composite number?
True
Is 118970500081 prime?
True
Is 599509322 composite?
True
Is 1338709929 prime?
False
Is 9332240641 a composite number?
False
Is 2676963173 composite?
False
Is 39321405301 prime?
False
Is 12297315922 composite?
True
Is 18418884383 a prime number?
True
Is 1484421941 prime?
False
Is 1972902299 prime?
True
Is 2575401259 composite?
False
Is 1724072783 a prime number?
True
Is 747573767 composite?
False
Is 3496045357 prime?
False
Is 418933511 a composite number?
False
Is 4352105867 composite?
False
Is 128673533 a composite number?
False
Is 1526653789 prime?
True
Is 3579908873 composite?
False
Is 2032941257 a prime number?
False
Is 183761077 prime?
True
Is 288295802321 a prime number?
False
Is 99687637999 prime?
True
Is 11935647709 a prime number?
False
Is 94287283459 prime?
False
Is 611530883 a composite number?
False
Is 3847236637 prime?
True
Is 1038323527 prime?
False
Is 67760383 prime?
False
Is 76589593 a prime number?
False
Is 7855771382 a prime number?
False
Is 806064577 composite?
False
Is 16262898707 a composite number?
True
Is 5892038543 composite?
False
Is 2511747431 composite?
False
Is 5224451773 a composite number?
True
Is 53409823597 composite?
True
Is 10884011087 a prime number?
True
Is 4548743153 a prime number?
False
Is 11720229943 a composite number?
True
Is 757750787 a prime number?
False
Is 4725473131 a prime number?
True
Is 6266685137 a prime number?
True
Is 553432093 a composite number?
True
Is 2000236178 a composite number?
True
Is 266984657189 a prime number?
True
Is 78112717 composite?
False
Is 196869451 a prime number?
True
Is 9605014313 a prime number?
True
Is 17848141 a prime number?
False
Is 61404449017 prime?
True
Is 12224817541 composite?
False
Is 333002789 composite?
True
Is 83676276119 a prime number?
False
Is 307462271 a prime number?
False
Is 184671521 a prime number?
True
Is 36129563383 prime?
False
Is 806927021 a prime number?
False
Is 94461757 a prime number?
False
Is 50527867807 a prime number?
True
Is 991747061 a composite number?
False
Is 15143392807 a prime number?
False
Is 9385243001 prime?
False
Is 180426592369 composite?
True
Is 107750831 a composite number?
False
Is 15708009217 composite?
False
Is 100547507933 composite?
True
Is 28487183267 prime?
True
Is 16100550647 prime?
False
Is 1425840919 composite?
False
Is 3699064462 prime?
False
Is 1163065677823 a prime number?
False
Is 27264412597 a composite number?
True
Is 12498569459 prime?
False
Is 21768451151 composite?
False
Is 2767714063 a prime number?
True
Is 40860908863 composite?
True
Is 32101047463 composite?
False
Is 10040406791 a prime number?
False
Is 65707354777 composite?
False
Is 121097408345 prime?
False
Is 425421539 a composite number?
False
Is 10492469191 a prime number?
False
Is 3301371413 prime?
True
Is 1142912257 composite?
False
Is 2873607293 a composite number?
True
Is 424881257 a prime number?
False
Is 75795409139 a composite number?
True
Is 56056335371 a prime number?
True
Is 136287043261 composite?
False
Is 198608209 a composite number?
True
Is 1481504447 composite?
True
Is 62356474415 a composite number?
True
Is 13103877881 composite?
False
Is 6481935067 prime?
True
Is 2174675257 a composite number?
False
Is 45196544083 a prime number?
False
Is 18569861 a composite number?
False
Is 18543415949 prime?
True
Is 46874342849 composite?
False
Is 27074109551 a composite number?
True
Is 2793623017 a prime number?
True
Is 1195386649 a prime number?
True
Is 1987584283 composite?
False
Is 197689979 a prime number?
True
Is 11279548039 a prime number?
False
Is 2690211101 a prime number?
False
Is 1312967703 prime?
False
Is 1361638277 a composite number?
False
Is 21610316393 a prime number?
True
Is 45670759319 a prime number?
False
Is 34304986943 composite?
False
Is 1753114897 a prime number?
False
Is 6639897898 composite?
True
Is 2971028411 a prime number?
False
Is 764331361 composite?
False
Is 82179073693 a composite number?
False
Is 1042348673 composite?
True
Is 37105700043 a prime number?
False
Is 1370962459 composite?
True
Is 10272262399 a prime number?
False
Is 4480514209 a composite number?
False
Is 9369756733 prime?
True
Is 19740543341 prime?
True
Is 1253605517 composite?
True
Is 161300394187 a composite number?
True
Is 285902868323 a prime number?
True
Is 22146559 a composite number?
False
Is 64055896649 a composite number?
True
Is 8971445117 a composite number?
True
Is 2969863789 a composite number?
True
Is 8468120347 a composite number?
False
Is 1443641159 a prime number?
True
Is 1483342451 prime?
True
Is 870510057 composite?
True
Is 894849091 composite?
False
Is 7619359991 a composite number?
True
Is 8500453837 prime?
True
Is 157034281 a prime number?
True
Is 2153429359 a prime number?
True
Is 726685577 prime?
True
Is 177460823 a composite number?
True
Is 294902147 prime?
False
Is 1718749121 composite?
True
Is 773197221 composite?
True
Is 4921605793 a composite number?
True
Is 69548819107 a composite number?
False
Is 11197284977 a prime number?
True
Is 32007735049 a prime number?
True
Is 45172004629 composite?
True
Is 30582848011 a prime number?
True
Is 29916233981 a composite number?
False
Is 585312310663 prime?
True
Is 13155013 prime?
True
Is 6255938146 a composite number?
True
Is 1734071369 a prime number?
True
Is 41650873519 composite?
True
Is 4407715553 a prime number?
False
Is 14581625749 a prime number?
False
Is 38375169509 a prime number?
False
Is 1686592697 composite?
True
Is 8741946671 a prime number?
True
Is 5092802843 composite?
False
Is 8219203 composite?
False
Is 378917782597 a prime number?
True
Is 1668839303 a prime number?
False
Is 5266516187 a composite number?
False
Is 10292705041 composite?
False
Is 16773361089 a composite number?
True
Is 7009445347 composite?
False
Is 328571081 prime?
True
Is 2387082959 prime?
False
Is 509497403 prime?
False
Is 441477265 a composite number?
True
Is 1832104259 composite?
False
Is 1256451353 a prime number?
False
Is 74565311179 a composite number?
False
Is 71142863 a prime number?
False
Is 1058665967 a prime number?
False
Is 151089770647 a composite number?
False
Is 1342482539 a prime number?
True
Is 6861179671 a prime number?
False
Is 2661141971 a prime number?
False
Is 428963897 a composite number?
True
Is 609510269 prime?
True
Is 788387027 prime?
True
Is 43856197621 a composite number?
False
Is 2094027415 prime?
False
Is 39022440755 composite?
True
Is 3447238897 composite?
False
Is 2434996931 a prime number?
True
Is 37629103913 a prime number?
True
Is 4668972223 a composite number?
True
Is 871356883 a composite number?
False
Is 812977717 a prime number?
True
Is 29647779997 a prime number?
False
Is 2311865